s the tens digit of 1048303388?
8
What is the ten thousands digit of 308351849?
5
What is the tens digit of 558613581?
8
What is the thousands digit of 139961347?
1
What is the hundreds digit of 72676084?
0
What is the units digit of 241791249?
9
What is the ten thousands digit of 4455700255?
0
What is the hundreds digit of 106814606?
6
What is the thousands digit of 1356898147?
8
What is the hundred thousands digit of 591066671?
0
What is the hundreds digit of 2642060065?
0
What is the hundred millions digit of 152371046?
1
What is the millions digit of 656169853?
6
What is the billions digit of 5344111106?
5
What is the thousands digit of 154223382?
3
What is the ten thousands digit of 13171558?
7
What is the tens digit of 40128338?
3
What is the tens digit of 870659?
5
What is the millions digit of 74785870?
4
What is the hundreds digit of 26337935?
9
What is the tens digit of 31087740?
4
What is the ten millions digit of 149834309?
4
What is the hundred thousands digit of 43260761?
2
What is the ten millions digit of 23303816?
2
What is the hundreds digit of 2040586?
5
What is the ten millions digit of 90688823?
9
What is the units digit of 48585207?
7
What is the millions digit of 11102240?
1
What is the ten millions digit of 2035311760?
3
What is the ten millions digit of 2583184295?
8
What is the millions digit of 55132614?
5
What is the units digit of 955935022?
2
What is the millions digit of 32839152?
2
What is the ten millions digit of 184737872?
8
What is the hundred thousands digit of 114042788?
0
What is the hundred thousands digit of 476557996?
5
What is the millions digit of 167998927?
7
What is the ten millions digit of 415274595?
1
What is the millions digit of 656899781?
6
What is the ten millions digit of 571726986?
7
What is the ten thousands digit of 40139549?
3
What is the tens digit of 1942670799?
9
What is the hundred thousands digit of 452927003?
9
What is the units digit of 10560577?
7
What is the thousands digit of 542521192?
1
What is the hundred thousands digit of 2670068524?
0
What is the ten millions digit of 28041314?
2
What is the ten thousands digit of 790015432?
1
What is the hundreds digit of 56604220?
2
What is the thousands digit of 65086948?
6
What is the ten thousands digit of 3230229016?
2
What is the ten thousands digit of 54046564?
4
What is the hundred millions digit of 3662573562?
6
What is the ten millions digit of 64397193?
6
What is the units digit of 80430201?
1
What is the tens digit of 61616722?
2
What is the units digit of 48102805?
5
What is the hundred millions digit of 388786397?
3
What is the ten thousands digit of 44826319?
2
What is the thousands digit of 3938653159?
3
What is the thousands digit of 345702632?
2
What is the billions digit of 1593540426?
1
What is the thousands digit of 477344390?
4
What is the ten thousands digit of 12751325?
5
What is the ten thousands digit of 169037421?
3
What is the hundred thousands digit of 1773018755?
0
What is the tens digit of 184745770?
7
What is the ten millions digit of 1408702239?
0
What is the hundreds digit of 157434404?
4
What is the ten thousands digit of 29083860?
8
What is the millions digit of 2373756294?
3
What is the hundred millions digit of 150506204?
1
What is the ten millions digit of 88325101?
8
What is the hundreds digit of 15444821?
8
What is the ten millions digit of 37395672?
3
What is the tens digit of 7209575860?
6
What is the millions digit of 51076614?
1
What is the hundred thousands digit of 51033698?
0
What is the ten millions digit of 537084764?
3
What is the millions digit of 74854392?
4
What is the hundreds digit of 106290768?
7
What is the hundred thousands digit of 672143811?
1
What is the tens digit of 495259792?
9
What is the thousands digit of 309527119?
7
What is the hundreds digit of 25856668?
6
What is the tens digit of 3187857798?
9
What is the ten millions digit of 3463554828?
6
What is the ten thousands digit of 25955931?
5
What is the millions digit of 244501671?
4
What is the hundreds digit of 518440303?
3
What is the hundred thousands digit of 148678817?
6
What is the units digit of 249166614?
4
What is the ten millions digit of 14394355?
1
What is the tens digit of 5732565002?
0
What is the tens digit of 3432735?
3
What is the thousands digit of 141493?
1
What is the tens digit of 307281319?
1
What is the tens digit of 303685452?
5
What is the ten thousands digit of 654885370?
8
What is the hundred thousands digit of 869796716?
7
What is the ten thousands digit of 5063864393?
6
What is the ten thousands digit of 230679486?
7
What is the thousands digit of 906854888?
4
What is the hundreds digit of 281664358?
3
What is the thousands digit of 2759999181?
9
What is the millions digit of 1522117064?
2
What is the thousands digit of 318680629?
0
What is the hundreds digit of 551113562?
5
What is the ten thousands digit of 1493300062?
0
What is the ten millions digit of 2319165682?
1
What is the hundred thousands digit of 149014758?
0
What is the tens digit of 2891796279?
7
What is the units digit of 1619246987?
7
What is the thousands digit of 36651910?
1
What is the thousands digit of 1391615555?
5
What is the units digit of 1218969193?
3
What is the tens digit of 17254040?
4
What is the millions digit of 3205985687?
5
What is the hundred thousands digit of 59318745?
3
What is the units digit of 854599055?
5
What is the millions digit of 212679609?
2
What is the ten thousands digit of 27206779?
0
What is the hundred thousands digit of 144190130?
1
What is the units digit of 103025282?
2
What is the hundreds digit of 177120316?
3
What is the hundred millions digit of 169454561?
1
What is the hundreds digit of 2677607623?
6
What is the tens digit of 87058367?
6
What is the millions digit of 417443439?
7
What is the ten millions digit of 886902144?
8
What is the hundred thousands digit of 23060490?
0
What is the units digit of 141410521?
1
What is the billions digit of 1775845387?
1
What is the tens digit of 1821613621?
2
What is the tens digit of 35036137?
3
What is the ten millions digit of 167574489?
6
What is the millions digit of 7827605900?
7
What is the ten thousands digit of 122924971?
2
What is the units digit of 1512538077?
7
What is the ten thousands digit of 252869806?
6
What is the tens digit of 22964008?
0
What is the thousands digit of 1059325931?
5
What is the hundred thousands digit of 5225227889?
2
What is the ten thousands digit of 45596521?
9
What is the hundreds digit of 1934130526?
5
What is the millions digit of 393624587?
3
What is the hundreds digit of 75509510?
5
What is the hundreds digit of 96461989?
9
What is the thousands digit of 2606621163?
1
What is the ten thousands digit of 80424805?
2
What is the thousands digit of 1450788188?
8
What is the units digit of 811564068?
8
What is the billions digit of 1469421951?
1
What is the ten millions digit of 1158569137?
5
What is the ten millions digit of 137663205?
3
What is the units digit of 2061802683?
3
What is the thousands digit of 7378191999?
1
What is the units digit of 4821832568?
8
What is the millions digit of 1465833243?
5
What is the thousands digit of 280580989?
0
What is the ten thousands digit of 858178974?
7
What is the ten millions digit of 785981234?
8
What is the tens digit of 5345745705?
0
What is the millions digit of 1962444284?
2
What is the millions digit of 16427758?
6
What is the hundred thousands digit of 3010167013?
1
What is the millions digit of 63296925?
3
What is the units digit of 43975688?
8
What is the millions digit of 44190601?
4
What is the hundred thousands digit of 104728040?
7
What is the tens digit of 14774928?
2
What is the hundred millions digit of 188013383?
1
What is the ten millions digit of 456282346?
5
What is the units digit of 42062817?
7
What is the thousands digit of 84743134?
3
What is the hundred millions digit of 173554627?
1
What is the hundreds digit of 230802984?
9
What is the hundreds digit of 180509985?
9
What is the hundred millions digit of 363146147?
3
What is the hundred millions digit of 252867525?
2
What is the hundred thousands digit of 790247547?
2
What is the thousands digit of 1356561906?
1
What is the hundred thousands digit of 1530590365?
5
What is the te